)).
23
What is -30 + 2 - (9432 + -9549)?
89
1089 - 1051 - (98 + 6)
-66
What is (-375 - -372 - (2 + 27)) + 24?
-8
Evaluate -12 + 0 + -54 - ((0 + -1 - -4) + -10).
-59
Calculate -502 + 462 - (4 + -2).
-42
Evaluate -20 - (-35 + (-41 - 30) + 23).
63
Calculate -3 + 7 + 2 + 10 - (-24 - -1).
39
What is (1 + -2 + 10 + -5 - (33 + -17)) + -10?
-22
(104 - (-2 + 3)) + (49 - 86) + 39
105
What is -113 - (-119 + (-195 - -78))?
123
-28 + (31 - -1) + (-169 - -157)
-8
1 - -2 - (-133 + 184) - (1 - -5)
-54
Calculate -6 + -15 + 8 + -40 + 11 - (1 + 0).
-43
Evaluate (2 + -20 - -28) + -10 + -2 + -38.
-40
Calculate 3 - (-1 + (-8 - (-13 - -3)) - -12).
-10
697 + -608 + (2 - 157)
-66
Calculate -16 + -25 + 1 + (-4 - (11 - 18)).
-37
Calculate (-16 - -15) + 3 - -7 - -29 - (-1 - 7).
46
Calculate 23 + -14 + -11 - (7 + (5 - -84)).
-98
Calculate -21 - (38 - (-108 + 104)).
-63
What is the value of (-42 + -25 - (12 + 5)) + 20?
-64
(-8 - -6) + -10 + -1 - -20 - (0 + 14)
-7
Evaluate (4 - 5) + -1 + (3 - -6) + -1393 + 1324.
-62
Evaluate -151 - -153 - (-4 - 0 - 34).
40
0 + (-4 - (-6 + 5)) - (120 - 127)
4
What is the value of (39 - 68) + -5 - 10?
-44
-38 - (-106 + 21 + 6)
41
-44 - (-32 + -56 - 1) - 146
-101
Calculate 31 + 5 + (-51 - -31) + 0 + 54.
70
Evaluate 102 + 3 + -52 + -4.
49
Evaluate 99 - ((-2 - 16 - -47) + -16).
86
What is (-16 + 1 + (15 - 20) + 17 - 13) + -13?
-29
Calculate (-12 - -3) + -21 - (136 - 113).
-53
Evaluate -61 + -32 + 57 - 4.
-40
Calculate (-9 - 0) + 5 + 7 + 62 + (95 - 84).
76
What is the value of 62 + (2 + -11 - -20) + (4 - 2)?
75
What is the value of (2 - 1 - (2 - (0 - 30))) + (15780 - 15768)?
-19
2 + -11 + -21 + 8 + 7 - (-8 + -1)
-6
Evaluate 113 - (39 + 18 + 16).
40
Calculate (75 - 72) + -18 + 81.
66
-87 + (5 - (-184 - -93))
9
What is 54 - ((-20 - -5) + 33)?
36
(-4 - -3) + (396 - 373) + (1 - 2)
21
Calculate (-12 + 40 + -24 - -2 - 142) + 12.
-124
What is 36 + (3 - (15 + -11 - (-9 - -1)))?
27
(-50 - ((36 - 22) + -11)) + -2
-55
What is (7 - ((-23 - (-12 + -6)) + 5)) + -1 + 13?
19
What is -61 - ((-288 - -148) + 61)?
18
What is the value of 49 + -25 - 42 - -35 - 63?
-46
Calculate (6 - 18) + 16 + (-10 - -10) + 4.
8
Evaluate (2 - (-5 - -3) - (14 - 7) - -21) + 9.
27
What is -19 + 179 - (-60 - -107)?
113
-70 + -32 + 87 - -91
76
Evaluate 27 + (-88 - -5 - -10 - -9).
-37
Evaluate (-2 - (0 + 0)) + (-4 - 2) + (-486 - -501).
7
Calculate (20 - 1 - 8) + -4 + (28 - 67) - -14.
-18
Evaluate -41 - 8 - ((-122 - -123) + (1 - 2) + 5).
-54
What is (-10 + -59 - -69) + (-15 - 4)?
-19
What is the value of 62 - (8 + 41 + -24)?
37
What is the value of (-24 - -25) + 13 + -2 - (-170 - -153)?
29
Evaluate 113 + (8 + -3 + (1 - 0) - (65 + -65)).
119
Calculate 37 + -5 + -17 + 6 + -5 + 5.
21
What is the value of -8 + (8 - 4) + 10 + (10 + -109 - 2)?
-95
Evaluate (14 - 36) + (140 - (18 - 0) - -7).
107
Calculate -95 + 47 - -37 - 5.
-16
Evaluate (-1 + 10 + -6 - -30) + 63 + -59.
37
Evaluate -9 + (-2 - 1) + 2 - (-48 + 4 + -7).
41
(5 - -2) + -30 - (519 - 617)
75
What is -6 + -28 + (11 - (0 + (7 - 12)))?
-18
(-95 - (-5 - -1 - -1)) + 1939 + -1921
-74
Calculate 88 - 95 - -106 - 98.
1
What is (5533 - 5529) + (-1 + -26 - 1)?
-24
Evaluate -64 + (8 - (-6 - -12)) + (3 - 24 - -20).
-63
Evaluate -195 - (-117 - 60) - (2 + -4 - -10).
-26
What is -48 + -48 + (-46 - -111)?
-31
Calculate -30 + 33 + (-2 - (0 + 2)) + 7.
6
What is -89 + -25 + 34 + 27?
-53
What is 20626 - 20625 - (1 + -12 + 0) - 101?
-89
What is -16 - ((-15 - (-8 - -8)) + 26 + 99)?
-126
What is the value of -61 - 41 - 14 - -77?
-39
-16 - -2 - (14 - (5 + -35))
-58
What is (-2 - -78) + -3 + -3 + -60 + (-61 - -115)?
64
-5 + 18 + (13 + -55 + 4 - 20)
-45
What is (-258 - -291) + 0 + -2 + (-50 - -56)?
37
What is the value of -3 - 15 - (9 - 66) - 0?
39
What is -1 + 8 - (-14 + -9 - -9)?
21
-24 + (2 - 29) + 41
-10
What is -72 + (52 - -26) + -38?
-32
Calculate 142 - (-612 + 605 - (-6 + (-5 - 4) + 4)).
138
Evaluate (13 - 2) + 59 + -24 - (1 + -16).
61
Calculate -93 + -3 + 1 + (-7 - 13) + (12 - -6).
-97
Calculate -2 + 40 + (-84 - -59).
13
Calculate -10 - (0 + -1 + -16 - (260 + -358)).
-91
Evaluate (-5 - 3) + 17 + 50 - (15 - 15).
59
What is the value of (7 - (-10 + 26 + -23)) + -5 - (-81 - 5)?
95
-2 + 19 - ((-19 - 12) + 16)
32
What is the value of -32 + -2 + 32 - (8 + 19)?
-29
-35 + 40 + 28 + -42 - -15
6
Calculate 50 + (-5 - 15) - (23 + 16).
-9
30 + 1 + 28 + -37 + 33 + -27
28
What is the value of 2 + 38 + -11 + 16 + (-31 - (-18 - 5))?
37
Evaluate -168 + 241 + (-21 - 3 - 8).
41
Evaluate (12 - 24 - 13) + 0 + 19 + -61.
-67
Evaluate 67 + 4 - ((12 - 3) + 12 + -15) - 8.
57
What is 10 - (54 + -2 + (17 - (24 + -3)) + 10)?
-48
Calculate -2 + 1 - 72 - (78 - (-119 - -200)).
-70
What is the value of (94 - 56) + -44 - -53?
47
112 + ((-33 - -19) + -12 - 1)
85
-31 + -19 + -28 + 48
-30
Evaluate (-36 - -38) + (5 - 21) - (19 + -2).
-31
(-11 + (11 - 9) - -7) + (96 - 27)
67
What is the value of -6 + 1 - ((87 - 55) + -45) - 3?
5
What is the value of -10773 + 10736 - (0 + -27 + 1)?
-11
Evaluate 21 + 2 - (43 + -37 + -12 + -2 - -11).
20
What is (30 - (9 - -5 - (32 - 19))) + (-1 - -3)?
31
-36 - (34 + 26 + -46 - 3)
-47
54 - (-32 - -63) - (-25 - 1)
49
Calculate (78 - (21 - 16)) + -36 + 6.
43
Calculate 8 + -9 + -21 + 11 - (22 + 40).
-73
What is 67 - (-54 - -23 - (-29 + -1))?
68
Evaluate (-76 - -104 - 9) + (1 - 25).
-5
-6 + -36 + -15 + 16 + 22
-19
-46 + (6 - 13) + -2 + (10 + 0 - -1)
-44
52 + -44 + -22 - -27
13
What is -2419 + 2440 - (5 + -3 - 0)?
19
(0 - 64) + (28 - 37) + -1 + -3
-77
Evaluate 15 + 3 + -3 + 0 + 47.
62
What is the value of 13 + (-13 - 1 - (0 - (-63 + 5)))?
-59
What is the value of -15 - (-25 + -9 + -6) - 74?
-49
Evaluate (0 - -19 - (26 + 68 + -64)) + (116 - 2).
103
What is the value of (-17 - (-6 - -4)) + (0 - -7) + (-8 - -9)?
-7
Evaluate (-5 - -212) + -52 + -236.
-81
Calculate -21 - (0 - (-12 + 1) - (-121 - -124)).
-29
Calculate 45 + -30 + -2 + -1 + 24.
36
(75 - 139) + -38 + (1 - 0) + -15 + 26
-90
What is the value of -16 + 37 - (17 + -5 + -5)?
14
What is -1 + 9 + (-291 - -308)?
25
What is the value of -7 + 23 + 18 + 42 + -34?
42
Evaluate 0 + (258 + -265 - (-1 + -18)) + 19.
31
What is the value of (7 + 3 - (0 - 1)) + (-103 + 99 - -38)?
45
Evaluate (-49 - -52) + (-38 - 2) + -3 - 4.
-44
10 + 10 - (-1299 + 1207)
112
What is the value of 2 + -36 + 70 + 1 + -14?
23
Evaluate (-29 - -72) + -77 - 10.
-44
Calculate 12 + -24 - (7 - 58) - -30.
69
What is 2 - 154 - (-7417 - -7229)?
36
Evaluate (26 + 3 - (211 + -200)) + 32.
50
What is the value of 11 - 0 - (10 + -5 - (-16 - 12 - 22))?
-44
Calculate -318 + 345 - (9 - -10).
8
(13 - 0) + (14 - (2 - -8)) + -6
11
Evaluate (70 - -4) + (-1 - -3) + -11 + (67 - 65).
67
77 - (-28 - -79) - (49 + -2)
-21
26 + 35 + (36 - 28)
69
Evaluate -6 + 36 + -7 + (3 - -6).
32
What is (3 - 0 - (-67 + 3)) + (17 - -67) + -90?
61
Evaluate (-54 - (-59 - 46)) + 37.
88
What is the value of 9 - 1 - (32 - 19) - (10 + 4 - -24)?
-43
What is (31 - 129 - -39) + (2 - 7)?
-64
21 + 0 - 17 - (9 - 18 - 3)
16
What is the value of (-14 + 1 - ((-109 - -36) + 76)) + 6?
-10
What is the value of 13 + (31 - 71 - 19) + -14?
-60
What is the value of 104 - -8 - (-215 - -273)?
54
Evaluate (-21 - -19 - 14 - -32) + -44.
-28
Evaluate (-4 - (-2 + 2 + 7 + -7)) + 4 + 43.
43
(-1 - 17) + (328 - 286)
24
What is the value of 96 - (105 + -9) - (0 + -38)?
38
Evaluate (56 - 47) + -16 - (-1 + 0 + 31).
-37
Evaluate 3 - (-3 - (-17 + 19 + -26)).
-18
Calculate -1803 + 1808 + (-14 - (-3 + -3)).
-3
Evaluate 0 + 1 - (33 - 0 - (20 - -121 - 126)).
-17
Evaluate -12 + -1 - (149 - 198).
36
What is 134 + -86 + (18 - -2 - -24)?
92
What is -5 + (1 - -10) - (4 + 31) - -8?
-21
Evaluate -81 + -1 - (-559 - -624).
-147
What is (13 - 79) + 38 - -53?
25
What is (-25 + -16 + 36 - -18) + (72 - -4)?
89
What is -7 - 12 - -31 - (13 - 2 - 6)?
7
Calculate 16 + -50 + (-10 - -37).
-7
Evaluate (0 - -40 - (1125 + -1123)) + 50.
88
What is the value of -78 + -6 - -170 - 73?
13
Calculate 12 - (0 + -2 + 11 + 7 + 35) - -12.
-27
Evaluate 1 + -3 + -16 + 50.
32
What is 202 + -22 + 14 + -57?
137
What is the value of -1 + 61 - ((-2 - -6) + 21 + -30 + -7)?
72
What is 17 - ((38 - -5) + 119 + -6)?
-139
Evaluate -1 + -22 + (-12 - (3 + -45 + 12 - -14)).
-19
What is the value of 79 + -47 + 7 + 0?
39
Calculate -1198 - -1231 - ((-2 - 2) + 4 + -12).
45
What is -5